+ 68 + 621 = w. Let c = 546 + v. Is c a prime number?
False
Let d be 4/(-18)*9/(-1). Is (d/(-4))/(21/(-20118)) a prime number?
True
Let z(x) = 6*x**3 + 277*x + 27. Is z(14) prime?
True
Suppose 2*k - k + 2 = 0. Let f be 4*(k - (-22)/8). Suppose -i + 10 - f = 0. Is i a prime number?
True
Let f be ((-26988)/(-10))/((-5)/(-25)). Suppose -22*w - f = -28*w. Is w a composite number?
True
Let d(r) = -65*r**2 - r - 3. Let t be d(-3). Let g = t + 1846. Is g composite?
True
Let c = 17 + -24. Let s(o) = -80*o - 3. Is s(c) prime?
True
Suppose -f + 48874 = 2*i, -3*i - 8*f + 7*f + 73311 = 0. Is i a prime number?
False
Suppose -2*z + 48251 = 3*c - 0*z, -5*z = 3*c - 48245. Is c composite?
True
Let q(t) = 2*t - 10. Let k be q(6). Suppose 0 = f + 3*i - 413, -k*i + 1676 = 4*f + 2*i. Is f a prime number?
False
Suppose -15*q + 4 = -26. Suppose -3*m + 3207 = q*s, 0 = -3*m - 2*s - 3*s + 3216. Is m composite?
True
Suppose 21*k - 16*k = 3*g - 37343, -g + 3*k = -12445. Is g a composite number?
False
Suppose -2*y + 166 = 3*r, -2*r = -8*y + 9*y - 82. Is y a composite number?
True
Suppose 307680 = 35*i - 2143685. Is i a prime number?
True
Let h(a) = a**3 - 5*a**2 - 32*a + 7. Suppose -2*m = -5*x - 54 + 9, 3*x = 4*m - 69. Is h(m) composite?
False
Suppose 3*b + 0 = 6. Let u be b/2 + (-82 - 1). Let y = u - -117. Is y a composite number?
True
Suppose -2*i - 20 = 3*i. Let h be ((-33)/12 - -2)*i. Suppose -h*z - 4 = 8, 5*c - 3*z = 1307. Is c prime?
False
Suppose 3*o = 4*w - 0*o - 25, o + 6 = w. Suppose -w = -2*a - t, 0*t - 4*t = a. Suppose b - 104 = -f - a*f, 5*b + f - 640 = 0. Is b a composite number?
True
Is (-7)/((-35)/(-10))*38275/(-10) composite?
True
Let f = 4 - -1. Suppose -f*j + 786 = -3*j - 4*g, 0 = 3*j + 5*g - 1190. Suppose 2*k - 425 = s - 2*s, -s + 4*k = -j. Is s a composite number?
True
Suppose j + 4 = 6. Suppose 0 = -j*z + 233 - 67. Is z prime?
True
Let s = 2443 - 1568. Suppose -4 = -2*d - 0*d. Suppose -s + 261 = -d*c. Is c a prime number?
True
Suppose -12*i + 3*l + 3949 = -10*i, 5*i - 3*l - 9868 = 0. Is i a composite number?
False
Let p(m) = 49*m**2 - 77*m - 19. Is p(30) prime?
True
Let v(u) = -410*u + 4. Let l be v(-8). Let t = -2067 + l. Is t prime?
True
Is (3/3)/((-14)/(-1274)) prime?
False
Suppose 4*w - 28 = -2*q, -2*q + w = -6*q + 49. Is 5766/q + 2/4 composite?
True
Let a = 53 - 89. Let j be (-138)/(-4) + 3/6. Let c = j - a. Is c a prime number?
True
Suppose d - 147152 = -15*d. Is d a composite number?
True
Let k(d) = 54*d - 3. Suppose 5 = y + 2. Let z(s) = 27*s - 1. Let v(o) = y*k(o) - 5*z(o). Is v(3) a composite number?
True
Let s be 5 + (-1 - 2) - -3. Suppose -s*z - 68 = -768. Is 1/((-416)/z - -3) a composite number?
True
Suppose l + 2*f = 4*l + 2, 4*l = f - 11. Let u(d) be the third derivative of -13*d**4/8 + d**3/6 + 9*d**2. Is u(l) a prime number?
True
Let z = 3 + -2. Suppose -4*a - 4*h - 564 = 0, 0 = -3*a - 2*a - 3*h - 699. Is (a/(-10))/(z/5) a composite number?
True
Let m be (4 + 690)*4/8. Let q = -244 + m. Is q a composite number?
False
Let z(k) = 570*k + 37. Is z(6) composite?
False
Suppose -28*t + 31*t = -9, 4*t = -3*d + 77565. Is d prime?
False
Let l = 22 + -22. Suppose l*q = -5*q + 1265. Is q composite?
True
Suppose -33767 = -16*g - 2935. Is g composite?
True
Let m(a) = 46*a**3 + 1 + 0*a**2 - 1350*a**3 - a**2. Let o be m(-1). Suppose -335 = 3*r - 4*r - p, 5*p = 4*r - o. Is r prime?
True
Let d be ((-2)/3)/((-2)/5739). Suppose -i + d = -0*i. Suppose -3*x + 2*g = -1261, 3*x - g - i = -657. Is x prime?
False
Is (79 - 0)*-23*(0 + -1) composite?
True
Let g(f) = -2*f + 14. Let r be g(6). Let n(x) = 8 + r*x + 2*x - 2*x + 7. Is n(0) prime?
False
Suppose o + o = -120. Let b be -6*((-25)/10 + 2). Is 0 + 1 - o/b a composite number?
True
Is (-66412)/2*((-12)/8)/3 a prime number?
True
Suppose 11 = -m + 4. Is 2/m - (-7965)/21 prime?
True
Suppose 2*x + 2*c = 5*x + 14, 0 = 5*x + c + 32. Is (124/x)/(20/(-3) - -6) a prime number?
True
Let j(d) = -4*d - 20. Let l(u) = -2*u - 10. Let g(v) = -3*j(v) + 5*l(v). Is g(6) a prime number?
False
Suppose -4*n = -3*o - 142, -2*o = -n + 3*n - 64. Suppose -3*u - 2*t = -19, 5*u = -3*t - 4 + n. Suppose -6*y = -u*y - 471. Is y composite?
False
Is 0 - -18252 - (-1 - -6) a prime number?
False
Suppose 4*n = 7*n - 1575. Let s = n + 655. Suppose 10*j = 6*j + s. Is j composite?
True
Let w(a) = 61*a + 7. Let x(k) = 61*k + 7. Let t(l) = 6*w(l) - 5*x(l). Is t(6) a composite number?
False
Let g(w) = 10*w**2 - 2*w - 5. Let t(s) be the second derivative of -s**4/12 - 3*s**3/2 - 6*s**2 + 4*s. Let o be t(-8). Is g(o) a composite number?
False
Let c = 3 - -87. Let j = c + 163. Is j a prime number?
False
Suppose 4*o - 20 = 0, 34*o = -2*c + 35*o + 358937. Is c prime?
True
Suppose -q = -3*q + 10. Suppose 83 = q*i - 0*i - w, 3*w + 11 = i. Suppose i - 44 = -y + 5*o, 0 = -5*y - 2*o + 189. Is y a prime number?
True
Suppose 11694 = 2*d + 5*t, -4*d + 3*t = 8*t - 23408. Is d composite?
False
Let w be (0*(-2)/(-8))/(-1). Suppose w*v = 2*y - v - 977, v - 484 = -y. Is y composite?
False
Let t(y) = 11*y**3 + 5*y**2 - 2*y - 5. Is t(3) a composite number?
False
Suppose -2*n + 3*s + 11672 = 5*s, -3*n = -5*s - 17532. Is n a composite number?
False
Let m(w) = 18*w**3 + 16*w**2 - 43*w + 6. Is m(7) a composite number?
True
Let q be 1157 + 9/2*(-6)/9. Suppose q = 3*v + 17. Is v a composite number?
False
Suppose 3*p + 3 + 48 = 3*v, -3*v + p + 57 = 0. Suppose -2*z + 2334 = -v. Is z composite?
True
Let v(a) = -185*a + 16. Is v(-3) composite?
False
Let g = -17 + 19. Suppose -2*w - 6 = -4*y, -y + 5*w = g*y + 13. Is 1 + 4*66/y a prime number?
True
Let m be 1 + 3*(-4)/(-12). Let g = 202 + -111. Suppose -p = -m*p + g. Is p a composite number?
True
Let w(c) = -50*c. Let k be w(-6). Suppose -313 = 4*x - u, -2*x + 2*u = 6*u + 134. Let s = x + k. Is s a prime number?
True
Suppose 3*v + 3*u = 218 - 1172, -3*v = 2*u + 952. Let g be 3*v/(-12) + 1. Suppose -g = -2*z + 854. Is z a composite number?
False
Suppose -3*o + 143138 = 2*a, -5*o = 2*a - 167548 + 24410. Is a a prime number?
True
Let t(c) = 4*c - 7*c**2 - c**3 + 1 - 1 + 3*c**2. Let f be (1/3)/(2/(-42)). Is t(f) a prime number?
False
Let h(p) = -p**2 + 7*p + 10. Let g be h(8). Suppose g*x - 9 = -5. Suppose -x*q + 802 = j, 0 = -q + 3*j - 8*j + 383. Is q a prime number?
False
Let c(d) = -d**3 + 25*d**2 - 27*d - 28. Let b be c(22). Suppose 22*h = 20*h + b. Is h a prime number?
False
Suppose -38821 = -1841*x + 1840*x. Is x a prime number?
True
Let o = 33 + 896. Is o composite?
False
Let a(c) = 17*c**2 - 5*c + 7. Is a(4) composite?
True
Let y be 3940 + (4/(-6))/(10/15). Is (-18)/(-45) + y/15 prime?
True
Let f(h) = 342*h**2 - 21*h - 4. Is f(-3) a composite number?
False
Suppose 27185 = -2*r + 3*r. Is r composite?
True
Is -1 - (96/144 - 92684/3) a prime number?
True
Let z = -20935 + 149838. Is z a composite number?
False
Let m be 0 + (-5)/10*4. Let y be m/(-12) + 50804/24. Suppose -4*c + 2647 = -y. Is c composite?
True
Let q(d) = d**3 + 18*d**2 + 24*d + 21. Let k be q(-16). Suppose -5*m = -z + 342, -2*m - k = -z + 196. Is z composite?
False
Let f(m) = 19*m**3 + 4 - 4*m**2 - 13*m**3 - 3*m - 7*m**3. Let r be f(-3). Suppose -r*v - 1633 = -5*s, 4*v - 1651 = -5*s + 2*v. Is s composite?
True
Let l(q) = 51*q + 91. Is l(17) a prime number?
False
Let c = 21 + -24. Is (-307)/c - (-42)/63 prime?
True
Suppose n - 6*n = -180. Suppose -2*k = -v - 4*k, -k = 5*v - n. Let z(f) = 3*f**2 - 8*f - 1. Is z(v) composite?
False
Suppose 19*s + 473988 = 31*s. Is s a composite number?
False
Suppose 0 = 5*w - 5*x + x, -4*w = 4*x - 36. Suppose 510 = c + 4*k, -2*k + 2110 - 570 = 3*c. Suppose 0*u = 4*u - i - 529, -c = -w*u - 2*i. Is u composite?
False
Let j be (-2)/2 + 9585/15. Suppose -j = -2*n - 0*n. Is n composite?
True
Suppose -4*w = -6*c + 2*c - 268, -2*c = 5*w - 307. Suppose -q - w = -2*q. Suppose -2*p = -5*g - 238, -2*p + q + 139 = 4*g. Is p a prime number?
True
Suppose v + 4 = 4*g - v, 3*g = -2*v - 4. Suppose 5*k - 4*k - 339 = g. Is k a prime number?
False
Let j(z) = -z**2 + 3*z + 8. Let l be j(4). Let v(d) = d**2 - 7*d - 2. Let w be v(6). Is 266 + l/(w/6) a composite number?
False
Let c be 5*1 + 3/(-9)*3. Suppose c*t - 3451 = 6425. Is t composite?
True
Suppose 18 = 5*x - 2*j, x - j = 2*x + 2. Let d be 2 - (x - (2 - 0)). Suppose -5*r - 2*p = d*p - 387, -4*